{"id":109,"date":"2022-04-13T16:21:10","date_gmt":"2022-04-13T13:21:10","guid":{"rendered":"https:\/\/aviarte.lt\/?post_type=product&#038;p=109"},"modified":"2025-06-10T04:10:01","modified_gmt":"2025-06-10T01:10:01","slug":"edukacinis-skrydis-virs-zemaitijos","status":"publish","type":"product","link":"https:\/\/aviarte.lt\/index.php\/product\/edukacinis-skrydis-virs-zemaitijos\/","title":{"rendered":"Edukacinis skrydis vir\u0161 \u017demaitijos"},"content":{"rendered":"<p>\u017demaitija \u2013 turtinga mi\u0161kais, e\u017eerais, kalvomis ir savo unikalia istorija. \u010cia tiek daug \u012fsp\u016bding\u0173 viet\u0173, kurias norisi aplankyti\u2026 \u017dem\u0117lapyje sud\u0117liokite mar\u0161rut\u0105 ir leiskit\u0117s \u012f i\u0161skirtin\u012f, tik Jums skirt\u0105, pa\u017eintin\u012f-mokom\u0105j\u012f skryd\u012f, aplankant gra\u017eiausias \u017demaitijos vietas. Susiliekite su dangumi, gamta, pajuskite savo \u0161irdies plakim\u0105 ir malonius, skryd\u017eio metu u\u017epl\u016bstan\u010dius jausmus. Viso skryd\u017eio metu J\u016bs\u0173 saugum\u0105 u\u017etikrins ir kelion\u0117je lyd\u0117s profesionalus pilotas. Jis leis patirti skryd\u017eio laisv\u0119, atskleis aviacijos ir pilotavimo technikos paslaptis.<\/p>\n<p>SKRYD\u017dIO METU:<\/p>\n<p>\u00b7 Skrydis tik Jums skirtu pasirinktu mar\u0161rutu;<\/p>\n<p>\u00b7 \u017demaitijos kra\u0161tovaizd\u017eio gro\u017eis i\u0161 pauk\u0161\u010dio skryd\u017eio;<\/p>\n<p>\u00b7 Profesionalaus piloto pamokos ir patarimai viso skryd\u017eio metu.<\/p>\n<p>VIETA: Tel\u0161i\u0173 aerodromas, Try\u0161ki\u0173 g. 50, Tel\u0161iai 88102<br \/>\nTRUKM\u0116: skrydis trunka apie 1 val.<br \/>\nB\u016aTINA I\u0160ANKSTIN\u0116 REGISTRACIJA<br \/>\nKITA SVARBI INFORMACIJA: paslauga teikiama sezono metu, i\u0161 anksto suderintu laiku.<br \/>\nDOVANA SKIRTA: 1 asmeniui.<br \/>\nGALIOJIMO TRUKM\u0116: 12 m\u0117n.<\/p>\n<p>Papildoma informacija:<br \/>\n*Nerekomenduojame skristi n\u0117\u0161\u010dioms moterims, asmenims sergantiems \u0161irdies ligomis ar epilepsija.<br \/>\n*Asmenys apsvaig\u0119 nuo alkoholio, narkotini\u0173, psichotropini\u0173 ar kit\u0173 medikament\u0173 skraidinami nebus.<br \/>\n*Jeigu skryd\u017eio metu pasijusite blogai ar nuspr\u0119site, jog pamat\u0117te ir patyr\u0117te pakankamai, visada,<br \/>\nprane\u0161\u0119 pilotui, galite skryd\u012f u\u017ebaigti anks\u010diau.<br \/>\n*Asmenys iki 18 met\u0173 am\u017eiaus turi tur\u0117ti ra\u0161ti\u0161k\u0105 t\u0117v\u0173 sutikim\u0105 su nurodytu vieno<br \/>\ni\u0161 t\u0117v\u0173 telefonu.<\/p>\n<p>* Paslauga neteikiama esant nepalankioms oro s\u0105lygoms (t.y. lyjant, esant stipriam v\u0117jui,susidarius r\u016bkui<br \/>\nir pan.).<br \/>\n* Paslauga teikiama kiekvien\u0105 dien\u0105 nuo 10\u201320 val. Skryd\u017eiai vyksta skraidym\u0173 sezono metu nuo<br \/>\nbaland\u017eio 1d. iki lapkri\u010dio 1d. Paslauga teikiama asmenims iki 120 kg svorio.<br \/>\n* Rekomenduojama patogi, judesi\u0173 nevar\u017eanti apranga.<\/p>\n<p>&nbsp;<\/p>\n","protected":false},"excerpt":{"rendered":"<p>\u017demaitija \u2013 turtinga mi\u0161kais, e\u017eerais, kalvomis ir savo unikalia istorija. \u010cia tiek daug \u012fsp\u016bding\u0173 viet\u0173, kurias norisi aplankyti\u2026 \u017dem\u0117lapyje sud\u0117liokite mar\u0161rut\u0105 ir leiskit\u0117s \u012f i\u0161skirtin\u012f, tik Jums skirt\u0105, pa\u017eintin\u012f-mokom\u0105j\u012f skryd\u012f, aplankant gra\u017eiausias \u017demaitijos vietas. Susiliekite su dangumi, gamta, pajuskite savo \u0161irdies plakim\u0105 ir malonius, skryd\u017eio metu u\u017epl\u016bstan\u010dius jausmus. Viso skryd\u017eio metu J\u016bs\u0173 saugum\u0105 u\u017etikrins ir kelion\u0117je lyd\u0117s profesionalus pilotas. Jis leis patirti skryd\u017eio laisv\u0119, atskleis aviacijos ir pilotavimo technikos paslaptis.<\/p>\n<p>SKRYD\u017dIO METU:<\/p>\n<p>\u00b7 Skrydis tik Jums skirtu pasirinktu mar\u0161rutu;<\/p>\n<p>\u00b7 \u017demaitijos kra\u0161tovaizd\u017eio gro\u017eis i\u0161 pauk\u0161\u010dio skryd\u017eio;<\/p>\n<p>\u00b7 Profesionalaus piloto pamokos ir patarimai viso skryd\u017eio metu.<\/p>\n<p>&nbsp;<\/p>\n","protected":false},"featured_media":226,"comment_status":"open","ping_status":"closed","template":"","meta":{"om_disable_all_campaigns":false,"_monsterinsights_skip_tracking":false,"_monsterinsights_sitenote_active":false,"_monsterinsights_sitenote_note":"","_monsterinsights_sitenote_category":0},"product_cat":[30],"product_tag":[],"_links":{"self":[{"href":"https:\/\/aviarte.lt\/index.php\/wp-json\/wp\/v2\/product\/109"}],"collection":[{"href":"https:\/\/aviarte.lt\/index.php\/wp-json\/wp\/v2\/product"}],"about":[{"href":"https:\/\/aviarte.lt\/index.php\/wp-json\/wp\/v2\/types\/product"}],"replies":[{"embeddable":true,"href":"https:\/\/aviarte.lt\/index.php\/wp-json\/wp\/v2\/comments?post=109"}],"wp:featuredmedia":[{"embeddable":true,"href":"https:\/\/aviarte.lt\/index.php\/wp-json\/wp\/v2\/media\/226"}],"wp:attachment":[{"href":"https:\/\/aviarte.lt\/index.php\/wp-json\/wp\/v2\/media?parent=109"}],"wp:term":[{"taxonomy":"product_cat","embeddable":true,"href":"https:\/\/aviarte.lt\/index.php\/wp-json\/wp\/v2\/product_cat?post=109"},{"taxonomy":"product_tag","embeddable":true,"href":"https:\/\/aviarte.lt\/index.php\/wp-json\/wp\/v2\/product_tag?post=109"}],"curies":[{"name":"wp","href":"https:\/\/api.w.org\/{rel}","templated":true}]}}