{"id":124,"date":"2022-04-13T17:28:23","date_gmt":"2022-04-13T17:28:23","guid":{"rendered":"https:\/\/aviarte.lt\/?page_id=124"},"modified":"2022-12-20T19:45:01","modified_gmt":"2022-12-20T19:45:01","slug":"mokymai","status":"publish","type":"page","link":"https:\/\/aviarte.lt\/index.php\/mokymai\/","title":{"rendered":"MOKYMAI"},"content":{"rendered":"\n<p>Visada svajojai skristi? \u017davi l\u0117ktuvai ir aviacija? O gal kaip tik jauti skryd\u017eio baim\u0119 ir nori j\u0105 \u012fveikti? Profesional\u016bs pilotai kvie\u010dia \u012f pa\u017eint\u012f su aviacijos pasauliu! Duris skryd\u017eiams atv\u0117rusi vienintel\u0117 pilot\u0173 mokykla \u017demaitijoje \u2013 tai galimyb\u0117 pa\u017einti orlaivio technik\u0105, i\u0161mokti j\u012f valdyti ir pa\u010diam skrosti debesis. Skamba ne\u012ftik\u0117tinai? Bet visa tai \u2013 tikra! Pilot\u0173 mokykla \u2013 tiek pradedantiesiems, tiek prie l\u0117ktuvo vairo jau s\u0117d\u0117jusiems smalsuoliams. Ateik. Pabandyk. Skrisk!<br>Pilotuoti ultralengv\u0105j\u012f l\u0117ktuv\u0105 leid\u017eiama nuo 16-ikos met\u0173, tam reikia tur\u0117ti tik vairuotojo medicinin\u0119 pa\u017eym\u0105. Minimali skryd\u017ei\u0173 programa yra 26 valandos, mokymai trunka apie 3-6 m\u0117nesius (priklausomai kiek tam galite skirti laiko). Baigus program\u0105 ir s\u0117kmingai i\u0161laikius teorijos bei skryd\u017eio egzaminus, suteikiama ultra lengvojo orlaivio piloto licencija, kurios visi\u0161kai pakanka laisvalaikio skraidymams ar turistavimui po Europ\u0105.<\/p>\n\n\n\n<figure class=\"wp-block-image size-full\"><img loading=\"lazy\" width=\"960\" height=\"960\" src=\"https:\/\/aviarte.lt\/wp-content\/uploads\/2022\/04\/mokymai_pic.jpg\" alt=\"\" class=\"wp-image-125\" srcset=\"https:\/\/aviarte.lt\/wp-content\/uploads\/2022\/04\/mokymai_pic.jpg 960w, https:\/\/aviarte.lt\/wp-content\/uploads\/2022\/04\/mokymai_pic-420x420.jpg 420w, https:\/\/aviarte.lt\/wp-content\/uploads\/2022\/04\/mokymai_pic-100x100.jpg 100w, https:\/\/aviarte.lt\/wp-content\/uploads\/2022\/04\/mokymai_pic-800x800.jpg 800w, https:\/\/aviarte.lt\/wp-content\/uploads\/2022\/04\/mokymai_pic-300x300.jpg 300w, https:\/\/aviarte.lt\/wp-content\/uploads\/2022\/04\/mokymai_pic-150x150.jpg 150w, https:\/\/aviarte.lt\/wp-content\/uploads\/2022\/04\/mokymai_pic-768x768.jpg 768w\" sizes=\"(max-width: 960px) 100vw, 960px\" \/><\/figure>\n","protected":false},"excerpt":{"rendered":"<p>Visada svajojai skristi? \u017davi l\u0117ktuvai ir aviacija? O gal kaip tik jauti skryd\u017eio baim\u0119 ir nori j\u0105 \u012fveikti? Profesional\u016bs pilotai kvie\u010dia \u012f pa\u017eint\u012f su aviacijos pasauliu! Duris skryd\u017eiams atv\u0117rusi vienintel\u0117 [&hellip;]<\/p>\n","protected":false},"author":1,"featured_media":0,"parent":0,"menu_order":0,"comment_status":"closed","ping_status":"closed","template":"","meta":{"om_disable_all_campaigns":false,"_monsterinsights_skip_tracking":false,"_monsterinsights_sitenote_active":false,"_monsterinsights_sitenote_note":"","_monsterinsights_sitenote_category":0},"_links":{"self":[{"href":"https:\/\/aviarte.lt\/index.php\/wp-json\/wp\/v2\/pages\/124"}],"collection":[{"href":"https:\/\/aviarte.lt\/index.php\/wp-json\/wp\/v2\/pages"}],"about":[{"href":"https:\/\/aviarte.lt\/index.php\/wp-json\/wp\/v2\/types\/page"}],"author":[{"embeddable":true,"href":"https:\/\/aviarte.lt\/index.php\/wp-json\/wp\/v2\/users\/1"}],"replies":[{"embeddable":true,"href":"https:\/\/aviarte.lt\/index.php\/wp-json\/wp\/v2\/comments?post=124"}],"version-history":[{"count":15,"href":"https:\/\/aviarte.lt\/index.php\/wp-json\/wp\/v2\/pages\/124\/revisions"}],"predecessor-version":[{"id":404,"href":"https:\/\/aviarte.lt\/index.php\/wp-json\/wp\/v2\/pages\/124\/revisions\/404"}],"wp:attachment":[{"href":"https:\/\/aviarte.lt\/index.php\/wp-json\/wp\/v2\/media?parent=124"}],"curies":[{"name":"wp","href":"https:\/\/api.w.org\/{rel}","templated":true}]}}